{"id":98,"date":"2015-12-14T13:45:28","date_gmt":"2015-12-14T13:45:28","guid":{"rendered":"https:\/\/plural.upsc.md\/?page_id=98"},"modified":"2015-12-31T14:58:10","modified_gmt":"2015-12-31T14:58:10","slug":"editorial","status":"publish","type":"page","link":"https:\/\/plural.upsc.md\/?page_id=98","title":{"rendered":"Editorial"},"content":{"rendered":"<div class=\"osc-res-tab tabbable   osc-tabs-right\"><div style=\"clear:both;width: 100%;\"><ul class=\"nav osc-res-nav nav-tabs osc-tabs-right-ul\" id=\"oscitas-restabs-1-editorial-71054\"><li class=\"active\"><a href=\"#ert_pane1-0\" data-toggle=\"tab\">En<\/a><\/li><li class=\"\"><a href=\"#ert_pane1-1\" data-toggle=\"tab\">Ro<\/a><\/li><\/ul><\/div><div style=\"clear:both;width: 100%;\"><ul class=\"tab-content\" id=\"oscitas-restabcontent-1-editorial-71054\"><li class=\"tab-pane active\" id=\"ert_pane1-0\"><\/p>\n<p style=\"text-align: justify;\"><em><strong>\u00a0 \u00a0 \u00a0 PLURAL<\/strong>. <strong>History, Culture, Society<\/strong><\/em> aims to foster the publication of high-quality articles and reviews concerning topics related to East- and Southeast-European history and society that had attracted little research interest. We will promote a critical approach towards historical sources, going against certain enduring and entrenched myths and stereotypes, which are directly connected to politically biased historical interpretations. We will also aim at initiating an academic \u201cdialogue\u201d that would transcend the established disciplinary boundaries.<\/p>\n<p style=\"text-align: justify;\">\u00a0 \u00a0 \u00a0 \u00a0This dialogue could contribute, in the long term, to the creation of an open space for critical debates, thus stimulating a lively exchange of ideas and the development of innovative approaches in the field of East- and Southeast-European Studies. We will naturally focus on the regional dimension, but we will also attempt to go beyond the limits of our particular geographical setting, taking into account the European and global context. Our journal aims to be an academic forum and \u201cmeeting point\u201d for the new generation of scholars in the field of the humanities and social sciences.<\/p>\n<p style=\"text-align: justify;\">\u00a0 \u00a0 \u00a0 The first, multi-lingual, issue of our journal features a number of texts (both by local and foreign researchers) on a variety of topics, ranging from archaeology to the most recent debates linked to the \u2018politics of memory\u2019 and the contemporary tendencies in the didactics of history. As our title suggests, we will attempt to cover a wide range of topics that would not only enhance the visibility and relevance of local scholarship in the social sciences and humanities, but would also engage in the on-going cross-border and trans-national dialogue and exchange of ideas, research models and academic traditions. The editors\u2019 success in achieving these ambitious goals will be judged by our (hopefully) impartial and interested readers.<\/p>\n<p style=\"text-align: justify;\"><\/li><li class=\"tab-pane \" id=\"ert_pane1-1\"><\/p>\n<p style=\"text-align: center;\"><strong>Editorial<\/strong><\/p>\n<p style=\"text-align: justify;\">\u00a0 \u00a0 \u00a0 \u00a0Revista <em><strong>PLURAL<\/strong>. <strong>History, Culture, Society <\/strong><\/em>sus\u0163ine publicarea unor studii \u015fi recenzii care se refer\u0103 la teme mai pu\u0163in sau deloc cercetate din domeniul istoriei \u015fi societ\u0103\u0163ii est \u015fi sud-est\u2012europene \u015fi care promoveaz\u0103, cu prec\u0103dere, o abordare critic\u0103 a surselor, \u00eendreptat\u0103 \u00eempotriva unor mituri \u015fi stereotipuri vetuste \u015fi tributare unei lecturi angajate politic.<\/p>\n<p style=\"text-align: justify;\">\u00a0 \u00a0 \u00a0 \u00a0 \u00a0 De asemenea, ne propunem s\u0103 ini\u0163iem un dialog academic care ar transcende limitele disciplinare consacrate \u015fi ar putea contribui, \u00een timp, la crearea unui spa\u0163iu pentru dezbateri, schimb de idei \u015fi dezvoltarea unor abord\u0103ri inovatoare \u00een sfera studiilor est \u015fi sud-est\u2012europene. Vom promova, fire\u015fte, studii axate pe dimensiunea regional\u0103; totodat\u0103, vom \u00eencerca s\u0103 dep\u0103\u015fim limitele acestui spa\u0163iu geografic, \u00eenscriindu-l \u00eentr-un context european \u015fi global. Revista <em>PLURAL <\/em>se dore\u015fte a fi o platform\u0103 a noii genera\u0163ii de cercet\u0103tori \u00een domeniul \u015ftiin\u0163elor umane \u0219i sociale. Acest prim num\u0103r (multilingv) al revistei noastre include mai multe texte, care apar\u021bin at\u00e2t cercet\u0103torilor locali, c\u00e2t \u0219i str\u0103ini, dedicate unor teme foarte variate, \u00eencep\u00e2nd de la arheologie \u0219i merg\u00e2nd p\u00e2n\u0103 la cele mai recente dezbateri legate de \u201dpolitica memoriei\u201d sau de tendin\u021bele contemporane din didactica istoric\u0103.<\/p>\n<p style=\"text-align: justify;\">\u00a0 \u00a0 \u00a0 \u00a0 \u00a0 \u00a0A\u0219a cum sugereaz\u0103 \u0219i titlul revistei noastre, vom \u00eencerca s\u0103 acoperim o palet\u0103 destul de larg\u0103 de subiecte care ar cre\u0219te, pe de o parte, vizibilitatea \u0219i relevan\u021ba \u0219tiin\u021belor umane \u0219i sociale la nivel local \u0219i s-ar angaja, pe de alt\u0103 parte, \u00een dialogul \u0219i schimbul de idei \u00eentre diferite modele de cercetare \u0219i tradi\u021bii academice care are loc \u00een prezent dincolo de grani\u021bele \u0219i limitele na\u021bionale consacrate. Succesul editorilor \u00een atingerea acestor scopuri ambi\u021bioase va fi desigur evaluat de viitorii no\u0219tri cititori (sper\u0103m noi, impar\u021biali \u0219i interesa\u021bi de temele pe care le vom discuta \u00een noua revist\u0103).<\/p>\n<p><\/li><\/ul><\/div><\/div>\n","protected":false},"excerpt":{"rendered":"","protected":false},"author":1,"featured_media":0,"parent":10,"menu_order":0,"comment_status":"closed","ping_status":"closed","template":"page-templates\/two-sidebars.php","meta":{"footnotes":""},"class_list":["post-98","page","type-page","status-publish","hentry"],"_links":{"self":[{"href":"https:\/\/plural.upsc.md\/index.php?rest_route=\/wp\/v2\/pages\/98","targetHints":{"allow":["GET"]}}],"collection":[{"href":"https:\/\/plural.upsc.md\/index.php?rest_route=\/wp\/v2\/pages"}],"about":[{"href":"https:\/\/plural.upsc.md\/index.php?rest_route=\/wp\/v2\/types\/page"}],"author":[{"embeddable":true,"href":"https:\/\/plural.upsc.md\/index.php?rest_route=\/wp\/v2\/users\/1"}],"replies":[{"embeddable":true,"href":"https:\/\/plural.upsc.md\/index.php?rest_route=%2Fwp%2Fv2%2Fcomments&post=98"}],"version-history":[{"count":7,"href":"https:\/\/plural.upsc.md\/index.php?rest_route=\/wp\/v2\/pages\/98\/revisions"}],"predecessor-version":[{"id":236,"href":"https:\/\/plural.upsc.md\/index.php?rest_route=\/wp\/v2\/pages\/98\/revisions\/236"}],"up":[{"embeddable":true,"href":"https:\/\/plural.upsc.md\/index.php?rest_route=\/wp\/v2\/pages\/10"}],"wp:attachment":[{"href":"https:\/\/plural.upsc.md\/index.php?rest_route=%2Fwp%2Fv2%2Fmedia&parent=98"}],"curies":[{"name":"wp","href":"https:\/\/api.w.org\/{rel}","templated":true}]}}