{"id":731,"date":"2017-06-24T07:33:10","date_gmt":"2017-06-24T07:33:10","guid":{"rendered":"https:\/\/plural.upsc.md\/?page_id=731"},"modified":"2017-06-24T07:33:23","modified_gmt":"2017-06-24T07:33:23","slug":"news","status":"publish","type":"page","link":"https:\/\/plural.upsc.md\/?page_id=731","title":{"rendered":"News"},"content":{"rendered":"<p>&nbsp;<\/p>\n<p style=\"text-align: center;\"><strong>PLURAL. History, Culture, Society. Journal of the History and Geography Department, \u201eIon Creang\u0103\u201d State Pedagogical University<\/strong><\/p>\n<p style=\"text-align: left;\"><div class=\"osc-res-tab tabbable   osc-tabs-right\"><div style=\"clear:both;width: 100%;\"><ul class=\"nav osc-res-nav nav-tabs osc-tabs-right-ul\" id=\"oscitas-restabs-1-news-73387\"><li class=\"active\"><a href=\"#ert_pane1-0\" data-toggle=\"tab\">En<\/a><\/li><li class=\"\"><a href=\"#ert_pane1-1\" data-toggle=\"tab\">Ro<\/a><\/li><\/ul><\/div><div style=\"clear:both;width: 100%;\"><ul class=\"tab-content\" id=\"oscitas-restabcontent-1-news-73387\"><li class=\"tab-pane active\" id=\"ert_pane1-0\"><\/p>\n<p style=\"text-align: center;\"><strong>\u00a0<\/strong><strong>Call for Papers: Thematic Issue \u201eRevolu\u021bia rus\u0103 din 1917 la periferii\u201d\/ \u201eThe 1917 Russian Revolution in the Borderlands\u201d <\/strong><\/p>\n<p style=\"text-align: center;\"><strong>Editors:<\/strong> Petru Negur\u0103 and Andrei Cu\u0219co<\/p>\n<p>The Russian Revolution of 1917 was a crucial turning point for the whole of Eastern Europe, the Caucasus and Central Asia \u2013 both for the provinces of the Russian Empire and for neighboring countries. Most of the studies dealing with this subject focus on the processes and events that occurred in the imperial center. In this special issue of our journal, the editors would like to respond to the challenge of discussing this process as it unfolded on the peripheries of the Russian imperial space. This special thematic issue aims at examining the local, regional and peripheral manifestations and repercussions of the social and political turmoil that engulfed the Russian Empire and its society in 1917. Moreover, our project specifically aims at taking into consideration and reassessing the experiences of those social groups and strata that were not represented or were under-researched in the framework of the dominant narratives and approaches. Various marginal(ized) or minority groups \u2013 such as, e.g., women or certain specific ethnic and social communities \u2013 that generally felt oppressed under the Ancien Regime, appropriated the revolutionary message, adjusting and adapting it to their own projects of emancipation and of reversing the traditional hierarchies. We will thus aim to recuperate the <em>agency<\/em> of these marginal actors within the larger processes of revolutionary transformation in the early 20<sup>th<\/sup> century, a tendency which reached its apex in 1917. At the same time, this approach does not entail any reluctance to discuss the political, geographic and cultural center of the empire. Neither does it presuppose the omission of the elites and dominant groups from this analytical framework. The ultimate aim of this thematic issue is, rather, to identify and examine, from a dynamic perspective, the multiple elements of transfer (in the fields of culture, politics, ideology etc.), <em>entanglements<\/em> and mobility apparent within these processes. Besides the description and empirical analysis of the social and political processes that developed within the context of the general crisis produced by war and revolution, we will particularly emphasize the symbolic dimension and the sphere of the social and political imaginary in the revolutionary period. Specifically, we will focus on artworks and literary productions, propaganda images and collective representations, as these were reflected and interpreted by the popular culture of that era. It is not our goal to cover thoroughly all the aspects of this vast field. Rather, the articles included in this thematic issue will discuss in detail a number of revealing cases and will focus on the \u201ccontact zones\u201d (contested issues and spaces) between the dominant and the subaltern groups.<\/p>\n<p>On the basis of the conceptual framework sketched above, we welcome contributions that will discuss and explore various aspects of the following thematic clusters:<\/p>\n<ul>\n<li>Nationalism, regionalism and tendencies toward self-determination in the context of the Russian Revolution of 1917.<\/li>\n<li>Global processes of social and geographic mobility, urbanization and proletarianization at the imperial peripheries in the revolutionary context of 1905-1917.<\/li>\n<li>The impact and the shapes of the Russian Revolution in rural areas: the agrarian question, redistribution of land and landed property \/ estates, social restructurings and reconfigurations.<\/li>\n<li>Popular interpretations of political events and transformations: a <em>history from below<\/em><\/li>\n<li>Forms of violence at the peripheries in the revolutionary context: war, rebellions, pogroms, deportations, mass killings, ethnic cleansing etc.<\/li>\n<li>The symbolic character of revolutionary violence and discourses: inversions, diversions, subversions.<\/li>\n<li>The involvement of individuals belonging to minority ethnic groups in various militant and \u2018liberating\u2019 political and cultural movements and the impact of these messages.<\/li>\n<li>Symbolic expressions, artistic and literary productions of the Russian Revolution: representations of political power, of revolutionary leadership, and of the people \/ nation in popular culture, in high culture, and within <em>avant-garde<\/em> cultural circles.<\/li>\n<li>Religious, millenarian and \u201cneo-protestant\u201d movements: forms of religious and political syncretism in the context of radical revolutionary transformations.<\/li>\n<li>Survival strategies and attitudes of non-involvement: silent majorities, degrees of opportunism, political passivity, non-engagement, and national indifference.<\/li>\n<li>Women and feminism(s) in the context of the Russian Revolution: gender- and class-based discourses of emancipation.<\/li>\n<li>Revolutionary projections of the future: utopian, anti-utopian (dystopian) discourses, revolutionary uchronias etc.<\/li>\n<\/ul>\n<p>The papers should be done according journal editing rules: <a href=\"https:\/\/plural.upsc.md\/?page_id=104\">https:\/\/plural.upsc.md\/?page_id=104<\/a><\/p>\n<p><strong>Dead line: October 30<sup>th<\/sup> 2017<\/strong><\/p>\n<p>Please send your contribution to the following email address: <a href=\"mailto:pluralreview@gmail.com\">pluralreview[at]gmail.com<\/a><\/p>\n<p style=\"text-align: justify;\"><\/li><li class=\"tab-pane \" id=\"ert_pane1-1\"><\/p>\n<p><strong>Apel la contribu\u021bii pentru num\u0103rul tematic \u201eRevolu\u021bia rus\u0103 din 1917 la periferii\u201d\/ \u201eThe 1917 Russian Revolution in the Borderlands\u201d <\/strong><\/p>\n<p><strong>Coordonatori:<\/strong> Petru Negur\u0103 and Andrei Cu\u0219co<\/p>\n<p>Revolu\u021bia rus\u0103 din 1917 a fost un moment de cotitur\u0103 pentru \u00eentreaga Europ\u0103 de Est, dar \u0219i pentru Caucaz \u0219i Asia Central\u0103 \u2013 \u00een cazul provinciilor Imperiului Rus \u0219i \u00een \u021b\u0103rile din vecin\u0103tate. Majoritatea studiilor publicate pe acest subiect se axeaz\u0103 pe procesele \u0219i evenimentele de la centrul imperiului. \u00cen cuprinsul acestui num\u0103r, am vrea s\u0103 r\u0103spundem provoc\u0103rii de a urm\u0103ri acest proces la periferiile spa\u021biului imperial rus. Acest num\u0103r special \u00ee\u0219i propune s\u0103 examineze manifest\u0103rile \u0219i ecourile locale, regionale, periferice ale turbulen\u021belor sociale \u0219i politice care au izbucnit \u00een societatea imperial\u0103 rus\u0103 \u00een 1917. Mai mult dec\u00e2t at\u00e2t, acest demers \u0219i-ar atinge cu adev\u0103rat scopul atunci c\u00e2nd vor fi luate \u00een considera\u021bie \u0219i grupurile \/ segmentele sociale deloc sau slab reprezentate \u00een cadrul nara\u021biunilor dominante. Diverse grupuri marginalizate sau minoritare \u2013 de exemplu, femeile sau anumite grupuri etnice \u0219i sociale \u2013 , care s-au sim\u021bit oprimate sub vechiul regim, au preluat mesajele revolu\u021biei, ajust\u00eendu-le propriului lor demers de emancipare. \u00cen acest mod, vom recupera implicarea activ\u0103 (<em>agency<\/em>) a acestor actori marginali \u00een procesele de transformare de la \u00eenceputul secolului 20, care \u0219i-au atins apogeul \u00een 1917. \u00cen acela\u0219i timp, aceast\u0103 abordare nu presupune excluderea din aceast\u0103 analiz\u0103 a centrului politic, geografic \u0219i cultural \u0219i nici a grupurilor dominante. Ambi\u021bia acestui num\u0103r este, mai degrab\u0103, de a suprinde \u00eentr-un mod dinamic elemenele de transfer (cultural, politic, ideologic etc.), de \u00eempletire (<em>entanglement<\/em>) \u0219i de mobilitate care definesc aceste procese. Pe l\u00e2ng\u0103 analiza empiric\u0103 \u0219i descrierea proceselor sociale \u0219i politice care s-au desf\u0103\u0219urat \u00een acel context de criz\u0103, vom atrage o aten\u021bie deosebit\u0103 dimensiunilor simbolice \u0219i imaginarului social \u0219i politic inerente acestor procese. Suntem interesa\u021bi, printre altele, de produc\u021biile artistice \u0219i literare, imaginile de propagand\u0103 sau reprezent\u0103rile colective reflectate \u00een cultura popular\u0103 a perioadei. F\u0103r\u0103 a pretinde la o acoperire exhaustiv\u0103 a subiectului, studiile incluse \u00een acest num\u0103r vor aprofunda anumite cazuri revelatoare \u0219i \u201ezone de contact\u201d (subiecte \u0219i spa\u021bii contestate) dintre grupurile dominante \u0219i cele subalterne.<\/p>\n<p>Av\u00e2nd ca reper cadrul conceptual schi\u021bat mai sus, vom \u00eencuraja contribu\u021bii, reflec\u021bii \u0219i explor\u0103ri pornind de la urm\u0103toarele piste tematice:<\/p>\n<ul>\n<li>Na\u021bionalism, regionalism \u0219i tendin\u021be de autodeterminare \u00een contextul Revolu\u021biei ruse din 1917.<\/li>\n<li>Procesele globale de mobilitate social\u0103 \u0219i geografic\u0103, urbanizare \u0219i proletarizare la periferiile imperiale \u00een contextul revolu\u021bionar din 1905-1917.<\/li>\n<li>Impactul \u0219i expresiile Revolu\u021biei ruse \u00een zonele rurale: chestiunea agrar\u0103, redistribuirea propriet\u0103\u021bilor mo\u0219iere\u0219ti, restructurare \u0219i reconfigur\u0103ri sociale.<\/li>\n<li>Interpret\u0103ri populare ale evenimentelor \u0219i transform\u0103rilor politice: o viziune de jos asupra istoriei.<\/li>\n<li>Manifest\u0103ri periferice ale violen\u021bei \u00een context revolu\u021bionar: r\u0103zboi, revolte, pogromuri, extermin\u0103ri, deport\u0103ri etc.<\/li>\n<li>Caracterul simbolic al violen\u021bei \u0219i al discursurilor revolu\u021bionare: inversiuni, diversiuni, subversiuni.<\/li>\n<li>Implicarea cet\u0103\u021benilor apar\u021bin\u00e2nd unor grupuri etnice minoritare \u00een diverse mi\u0219c\u0103ri politice \u0219i culturale cu mesaj emancipator.<\/li>\n<li>Expresii simbolice \u0219i elabor\u0103ri artistice \u0219i literare ale Revolu\u021biei ruse: reprezentarea puterii politice, a liderilor \u0219i a poporului \u00een cultura popular\u0103, \u00een cultura \u00eenalt\u0103 \u0219i \u00een cultura contestatar\u0103 (de avangard\u0103).<\/li>\n<li>Mi\u0219c\u0103ri religioase, milenariste \u0219i \u201eneo-protestante\u201d: forme de sincretism religios \u0219i politic \u00eentr-un context de transformare radical\u0103.<\/li>\n<li>Strategii de subzisten\u021b\u0103 \u0219i atitudini de non-implicare: majorit\u0103\u021bi t\u0103cute, grade de oportunism, pasivitate politic\u0103, refuz de angajare \u0219i indiferen\u021b\u0103 na\u021bional\u0103.<\/li>\n<li>Manifest\u0103ri feminine \u0219i feministe \u00een contextul Revolu\u021biei ruse: discursuri de emancipare de gen \u0219i de clas\u0103.<\/li>\n<li>Proiec\u021bii revolu\u021bionare ale viitorului: discursuri utopice, anti-utopice, ucronice etc.<\/li>\n<\/ul>\n<p>Articolele trebuie redactate conform cerin\u021belor revistei: <a href=\"https:\/\/plural.upsc.md\/?page_id=104\">https:\/\/plural.upsc.md\/?page_id=104<\/a><\/p>\n<p><strong>Termen: 30 octombrie<sup>h<\/sup> 2017<\/strong><\/p>\n<p>Trimite\u021bi v\u0103 rog contribu\u021bia dvs. la urm\u0103toarea adres\u0103 de e-mail: <a href=\"mailto:pluralreview@gmail.com\">pluralreview[at]gmail.com<\/a><\/p>\n<p style=\"text-align: justify;\"><\/li><\/ul><\/div><\/div><\/p>\n","protected":false},"excerpt":{"rendered":"<p>&nbsp; PLURAL. History, Culture, Society. Journal of the History and Geography Department, \u201eIon Creang\u0103\u201d State Pedagogical University<\/p>\n","protected":false},"author":1,"featured_media":0,"parent":0,"menu_order":0,"comment_status":"closed","ping_status":"closed","template":"page-templates\/two-sidebars.php","meta":{"footnotes":""},"class_list":["post-731","page","type-page","status-publish","hentry"],"_links":{"self":[{"href":"https:\/\/plural.upsc.md\/index.php?rest_route=\/wp\/v2\/pages\/731","targetHints":{"allow":["GET"]}}],"collection":[{"href":"https:\/\/plural.upsc.md\/index.php?rest_route=\/wp\/v2\/pages"}],"about":[{"href":"https:\/\/plural.upsc.md\/index.php?rest_route=\/wp\/v2\/types\/page"}],"author":[{"embeddable":true,"href":"https:\/\/plural.upsc.md\/index.php?rest_route=\/wp\/v2\/users\/1"}],"replies":[{"embeddable":true,"href":"https:\/\/plural.upsc.md\/index.php?rest_route=%2Fwp%2Fv2%2Fcomments&post=731"}],"version-history":[{"count":1,"href":"https:\/\/plural.upsc.md\/index.php?rest_route=\/wp\/v2\/pages\/731\/revisions"}],"predecessor-version":[{"id":732,"href":"https:\/\/plural.upsc.md\/index.php?rest_route=\/wp\/v2\/pages\/731\/revisions\/732"}],"wp:attachment":[{"href":"https:\/\/plural.upsc.md\/index.php?rest_route=%2Fwp%2Fv2%2Fmedia&parent=731"}],"curies":[{"name":"wp","href":"https:\/\/api.w.org\/{rel}","templated":true}]}}